2?
3
What is the remainder when 2636 is divided by 30?
26
What is the remainder when 76 is divided by 31?
14
Calculate the remainder when 274 is divided by 12.
10
What is the remainder when 1143 is divided by 44?
43
What is the remainder when 20655 is divided by 16?
15
Calculate the remainder when 2773 is divided by 75.
73
Calculate the remainder when 1825 is divided by 39.
31
Calculate the remainder when 140 is divided by 37.
29
Calculate the remainder when 244 is divided by 122.
0
What is the remainder when 553 is divided by 112?
105
Calculate the remainder when 61 is divided by 9.
7
What is the remainder when 15537 is divided by 20?
17
What is the remainder when 107 is divided by 9?
8
What is the remainder when 1026 is divided by 58?
40
What is the remainder when 213 is divided by 105?
3
Calculate the remainder when 499 is divided by 244.
11
Calculate the remainder when 4026 is divided by 106.
104
What is the remainder when 107 is divided by 84?
23
What is the remainder when 27 is divided by 19?
8
Calculate the remainder when 1251 is divided by 38.
35
Calculate the remainder when 273 is divided by 52.
13
Calculate the remainder when 7 is divided by 5.
2
What is the remainder when 12548 is divided by 163?
160
Calculate the remainder when 348 is divided by 70.
68
Calculate the remainder when 744 is divided by 361.
22
What is the remainder when 185 is divided by 6?
5
What is the remainder when 168 is divided by 45?
33
What is the remainder when 23357 is divided by 71?
69
Calculate the remainder when 30 is divided by 7.
2
What is the remainder when 127 is divided by 8?
7
Calculate the remainder when 45 is divided by 5.
0
What is the remainder when 51 is divided by 15?
6
Calculate the remainder when 806 is divided by 260.
26
Calculate the remainder when 637 is divided by 40.
37
What is the remainder when 79 is divided by 49?
30
What is the remainder when 5830 is divided by 54?
52
What is the remainder when 1061 is divided by 501?
59
What is the remainder when 7003 is divided by 91?
87
What is the remainder when 717 is divided by 45?
42
What is the remainder when 2309 is divided by 189?
41
What is the remainder when 308 is divided by 61?
3
What is the remainder when 161 is divided by 42?
35
What is the remainder when 341 is divided by 87?
80
What is the remainder when 2316 is divided by 92?
16
Calculate the remainder when 298 is divided by 133.
32
Calculate the remainder when 254 is divided by 68.
50
What is the remainder when 1419 is divided by 160?
139
Calculate the remainder when 171 is divided by 43.
42
What is the remainder when 238 is divided by 16?
14
Calculate the remainder when 3924 is divided by 77.
74
What is the remainder when 1546 is divided by 93?
58
What is the remainder when 6519 is divided by 261?
255
Calculate the remainder when 427 is divided by 33.
31
Calculate the remainder when 2518 is divided by 838.
4
Calculate the remainder when 372 is divided by 95.
87
What is the remainder when 685 is divided by 58?
47
What is the remainder when 107 is divided by 16?
11
What is the remainder when 60 is divided by 44?
16
What is the remainder when 103 is divided by 15?
13
What is the remainder when 4471 is divided by 11?
5
Calculate the remainder when 103 is divided by 40.
23
Calculate the remainder when 3197 is divided by 798.
5
Calculate the remainder when 205 is divided by 66.
7
Calculate the remainder when 11736 is divided by 97.
96
Calculate the remainder when 663 is divided by 7.
5
What is the remainder when 1334 is divided by 15?
14
What is the remainder when 783 is divided by 196?
195
What is the remainder when 1863 is divided by 34?
27
What is the remainder when 4125 is divided by 589?
2
Calculate the remainder when 306 is divided by 80.
66
What is the remainder when 4765 is divided by 19?
15
Calculate the remainder when 72 is divided by 25.
22
Calculate the remainder when 988 is divided by 43.
42
What is the remainder when 477 is divided by 121?
114
What is the remainder when 2621 is divided by 61?
59
Calculate the remainder when 5732 is divided by 23.
5
What is the remainder when 76 is divided by 17?
8
What is the remainder when 1082 is divided by 57?
56
Calculate the remainder when 1219 is divided by 11.
9
What is the remainder when 10124 is divided by 19?
16
What is the remainder when 741 is divided by 93?
90
Calculate the remainder when 3555 is divided by 40.
35
What is the remainder when 454 is divided by 47?
31
What is the remainder when 2646 is divided by 70?
56
Calculate the remainder when 834 is divided by 12.
6
Calculate the remainder when 164 is divided by 87.
77
Calculate the remainder when 1227 is divided by 76.
11
Calculate the remainder when 72 is divided by 15.
12
What is the remainder when 465 is divided by 93?
0
Calculate the remainder when 6717 is divided by 21.
18
Calculate the remainder when 913 is divided by 102.
97
What is the remainder when 1319 is divided by 82?
7
What is the remainder when 346 is divided by 13?
8
What is the remainder when 17338 is divided by 15?
13
What is the remainder when 131 is divided by 46?
39
Calculate the remainder when 2566 is divided by 13.
5
What is the remainder when 336 is divided by 73?
44
Calculate the remainder when 108 is divided by 85.
23
What is the remainder when 842 is divided by 65?
62
Calculate the remainder when 1303 is divided by 336.
295
What is the remainder when 511 is divided by 45?
16
What is the remainder when 185 is divided by 10?
5
Calculate the remainder when 3199 is divided by 32.
31
Calculate the remainder when 501 is divided by 64.
53
What is the remainder when 16461 is divided by 21?
18
What is the remainder when 303 is divided by 58?
13
What is the remainder when 96 is divided by 25?
21
Calculate the remainder when 343 is divided by 17.
3
Calculate the remainder when 327 is divided by 42.
33
Calculate the remainder when 44 is divided by 6.
2
Calculate the remainder when 204 is divided by 60.
24
What is the remainder when 186 is divided by 166?
20
Calculate the remainder when 15 is divided by 2.
1
What is the remainder when 535 is divided by 83?
37
What is the remainder when 232 is divided by 18?
16
Calculate the remainder when 47 is divided by 13.
8
What is the remainder when 2004 is divided by 251?
247
What is the remainder when 352 is divided by 97?
61
What is the remainder when 49483 is divided by 89?
88
What is the remainder when 756 is divided by 76?
72
Calculate the remainder when 1751 is divided by 73.
72
Calculate the remainder when 6727 is divided by 198.
193
Calculate the remainder when 2377 is divided by 68.
65
What is the remainder when 581 is divided by 170?
71
Calculate the remainder when 4331 is divided by 131.
8
What is the remainder when 95 is divided by 52?
43
What is the remainder when 44 is divided by 27?
17
What is the remainder when 17277 is divided by 192?
189
What is the remainder when 2798 is divided by 8?
6
Calculate the remainder when 1023 is divided by 114.
111
What is the remainder when 882 is divided by 286?
24
Calculate the remainder when 1376 is divided by 685.
6
Calculate the remainder when 789 is divided by 16.
5
What is the remainder when 99 is divided by 21?
15
What is the remainder when 156 is divided by 40?
36
What is the remainder when 7957 is divided by 173?
172
What is the remainder when 103 is divided by 18?
13
Calculate the remainder when 326 is divided by 80.
6
What is the remainder when 2311 is divided by 93?
79
What is the remainder when 346 is divided by 27?
22
What is the remainder when 196 is divided by 79?
38
Calculate the remainder when 5665 is divided by 109.
106
Calculate the remainder when 45 is divided by 10.
5
What is the remainder when 294 is divided by 27?
24
What is the remainder when 28 is divided by 18?
10
Calculate the remainder when 440 is divided by 116.
92
Calculate the remainder when 228 is divided by 87.
54
What is the remainder when 1254 is divided by 124?
14
What is the remainder when 97 is divided by 92?
5
Calculate the remainder when 2325 is divided by 1156.
13
Calculate the remainder when 18 is divided by 14.
4
What is the remainder when 444 is divided by 9?
3
What is the remainder when 395 is divided by 12?
11
Calculate the remainder when 7728 is divided by 37.
32
Calcu